/3 + 2*l**2 + l. Let t be g(4). Calculate the highest common divisor of h and t.
14
Let v = -89 - -92. What is the greatest common divisor of 39 and v?
3
Suppose 4*t = -4*v + 320, v = -2*v - t + 240. What is the greatest common divisor of v and 10?
10
Let j(u) = -2*u**2 + 2*u**2 - 12 + 14*u - u**2. Let g be j(9). Calculate the greatest common divisor of 22 and g.
11
Suppose -12*f = -8*f - 24. Suppose -3*n = -2 - 4. What is the highest common factor of f and n?
2
Let f = 36 - 22. Suppose 4*j = 2*j - 5*z + 6, -3 = -j + 3*z. Let m be -1*(236/(-4) + j). What is the greatest common factor of f and m?
14
Suppose -2*f + 8 = -4*q, -5*f + q + 4*q + 10 = 0. Suppose f = 2*c - 31 + 7. Calculate the greatest common divisor of 18 and c.
6
Suppose 1 - 3 = -t. Suppose 665 = 5*x + 3*g, 121 = x + t*g + g. Calculate the highest common divisor of 17 and x.
17
Let g = 160 + -110. Suppose -b - 2 = -g. Suppose 5*h + 87 = 3*z, z - 5*h + 33 = 3*z. What is the highest common divisor of z and b?
24
Let k = -12 + 37. What is the highest common divisor of 25 and k?
25
Let f(w) = w**3 + 7*w**2 - 2*w - 3. Let c be f(-6). Let q be 4*(-3)/6 - -2. Suppose q = -6*p + p + c. Calculate the highest common divisor of 36 and p.
9
Let h = 7 - -10. Let t be 86 - (-3)/2*(-2)/3. Calculate the highest common divisor of h and t.
17
Let t be (1 - (-2 + 4)) + 3. Suppose 0 = -u + 15 + t. Suppose 0 = -5*p + p + 476. What is the highest common divisor of p and u?
17
Let n = 23 - 14. Suppose -3*w - 84 = -4*y - 0*y, -20 = -2*y - 4*w. What is the highest common factor of n and y?
9
Suppose a - 2*a + 2 = 0. Suppose -3*o - a*f = -4*o, f = 2. Suppose o*g - 3*h = -h + 48, -3*g + 4*h = -26. Calculate the greatest common factor of g and 21.
7
Let m(u) = u**2 - 20*u + 101. Let j be m(9). Calculate the greatest common divisor of 34 and j.
2
Suppose 2*h = 5*h - 165. Suppose 3*y - 41 = h. Calculate the greatest common factor of y and 8.
8
Let l(t) = 1 - 2 - t**3 + 5*t**2 + 4*t - 6*t**2. Let z be ((-18)/(-24))/(1/4) - 6. Let w be l(z). Calculate the greatest common factor of 10 and w.
5
Suppose -8 + 0 = -4*x. Suppose -x*l + 0*l = -24. What is the highest common divisor of l and 30?
6
Let r(o) = o - 5. Let c be (-53)/(-5) - 6/(-15). Let f be r(c). Calculate the greatest common factor of 6 and f.
6
Suppose c = 4*m - 20, m + 5*c - 26 = -0*m. Let p(d) = -2*d - m*d + d**3 + 12 + 0*d - 7*d**2. Let l be p(8). Calculate the greatest common divisor of 12 and l.
12
Suppose 7 = 4*g - 3*g - 4*o, -5*o = 2*g + 12. Let v = g + 8. Suppose 3*l - 115 = -v. Calculate the highest common divisor of l and 9.
9
Suppose 2*x = -x + 6. Let c be (1 - 5/x)*-2. What is the greatest common divisor of 24 and c?
3
Let q be (-11 + -1)*(-20)/6. Suppose -2*p - 5*h + 16 = 0, 4*p - 6*p + q = -h. What is the greatest common divisor of 126 and p?
18
Suppose -4*j - 25 = 23. Let l be ((-32)/6)/(2/j). What is the greatest common factor of l and 16?
16
Suppose 0 = y + 2*y - 24. Let q be ((-13)/4)/((-2)/y). What is the greatest common divisor of 26 and q?
13
Let i = -3 - -16. Calculate the highest common factor of 104 and i.
13
Let t = 15 + -12. Suppose -2*q - t*q = -275. Calculate the highest common factor of 5 and q.
5
Let b(p) = 3*p**2 - 5. Let l be b(5). Calculate the greatest common factor of l and 14.
14
Let c(w) = 18*w - 34. Let n be c(5). Let v be 23/3 + 3/9. What is the highest common divisor of n and v?
8
Let t be (9/18)/((-1)/66). Let g = t + 55. Calculate the greatest common divisor of 2 and g.
2
Suppose -4*f + 6*u = 5*u + 5, 0 = -3*f + 5*u - 8. Let q(j) = -29*j**3 + j. Let y be q(f). What is the highest common divisor of 4 and y?
4
Let q be 117 - (1 - (0 - -4)). Let w be (105/(-20))/((-9)/q). Calculate the greatest common divisor of w and 28.
14
Let r(z) = -z**3 - 6*z**2 - 4*z - 9. Let y be r(-6). What is the highest common divisor of 15 and y?
15
Suppose 3*h = -3, -3*d + 2 = -2*h + 3. Let t be d/(-1*3/6). Suppose -t*c = -0*c - 28. What is the highest common factor of c and 14?
14
Let u(d) = 14*d**2 + 4*d + 2. Let s be u(-2). Let w(c) = -c + 20. Let m be w(0). What is the highest common divisor of s and m?
10
Let u(d) = -d**2 - d + 1. Let q(k) = -2*k**2 - 7*k + 5. Let w(g) = -q(g) + 3*u(g). Let i be w(3). What is the greatest common factor of 11 and i?
1
Let v(s) = 51*s**3 - s**2 + 3*s - 3. Let t be v(1). What is the greatest common factor of t and 450?
50
Suppose -3*d = -2*d - 274. Let w = d + -141. Calculate the highest common factor of w and 19.
19
Let g(n) = 8*n - 1. Suppose -4*o - 3 = -7. Let p be g(o). What is the greatest common divisor of 63 and p?
7
Let v be ((-8)/6)/((-12)/135). Calculate the greatest common divisor of v and 45.
15
Let q(k) = k + 11. Let x be q(-7). Suppose -21 = g - 4*v, -16 = -3*g - x*v - 47. Let j = 18 + g. What is the greatest common factor of 1 and j?
1
Suppose -5*j + 31 + 14 = 0. What is the greatest common divisor of j and 9?
9
Let n = 10 + 6. Let j = -3 + -6. Let q be (-4 - -1)*384/j. Calculate the highest common divisor of n and q.
16
Suppose 0 = -3*p + p. Suppose p = u - 1 + 4. Let l = u + 5. Calculate the highest common divisor of l and 6.
2
Let b = 3 - 4. Let h(z) = -2*z**3 - z - 1. Let s be h(b). Suppose 8 = t + s*d - 6, t - 14 = 3*d. Calculate the greatest common divisor of 126 and t.
14
Let c = 142 + -32. What is the greatest common factor of 10 and c?
10
Suppose -6*p - 2 = -8. Let b(m) = m**3 - m**2 - m + 1. Let y be b(2). Calculate the highest common divisor of p and y.
1
Suppose 0 = -4*u + 53 - 5. What is the highest common divisor of u and 84?
12
Let x(k) = 24*k - 1. Let q be x(4). Let l be (-10)/65*1 - (-498)/26. What is the greatest common factor of q and l?
19
Let k be (-1)/(-1) + 6/(-2). Let x be (2 + -10)/(k - -1). What is the highest common factor of x and 24?
8
Suppose 3*r + 0*r = 6. Let v(a) = a**3 - 13*a**2 - 13*a - 8. Let j be v(14). Calculate the greatest common factor of r and j.
2
Suppose -4*l - 3*l + 21 = 0. Calculate the greatest common divisor of l and 21.
3
Let m be (-28)/(-6)*3 + -1. Suppose d = -3*d + 2056. Suppose -2*g = 5*n - d, -3*g + g + 306 = 3*n. Calculate the greatest common divisor of n and m.
13
Let y(o) = -o**2 - 29*o - 84. Let z be y(-17). What is the greatest common factor of z and 15?
15
Let x(y) = -24*y. Let z be x(2). Suppose -98 = t - 2*v, -4*t - 3*v = -0*v + 348. Let n = z - t. What is the greatest common divisor of n and 6?
6
Let h be (6/6)/(1/24). Let x(r) = 4*r + 4. Let y be x(8). What is the highest common divisor of y and h?
12
Suppose 0*j + 65 = 3*j - 5*b, -4*b = j - 33. Suppose 3*x - j = 29. Let u be 1/2 - 4*(-1790)/80. What is the highest common factor of x and u?
18
Let g = -21 - -43. Suppose 3*u + u = 2*w - g, -3*w = -3*u - 30. Calculate the highest common divisor of 99 and w.
9
Suppose 9*a = 2523 + 474. Calculate the greatest common divisor of a and 37.
37
Suppose -n - 385 = -3*n + o, -5*n - 5*o + 1000 = 0. Calculate the highest common divisor of 15 and n.
15
Suppose -36 = -4*h - 0*h. Let l(b) = -b**2 + 9*b + 13. Let z be l(h). Calculate the highest common divisor of z and 52.
13
Suppose -o = -2*h + o + 48, 0 = -5*o - 20. What is the highest common factor of h and 5?
5
Let h(f) = 2*f**2 - 5*f - 6. Let r be h(6). Suppose -8 = -2*p + 5*s, -7 = -3*s - 1. Calculate the highest common divisor of r and p.
9
Let a = 7 + -4. Suppose 0 = v + 2*m - 6, -5*v + 0*m + 30 = -a*m. Calculate the highest common factor of v and 42.
6
Let b(n) = 22*n**2 + 3*n - 5. Let h(r) = 23*r**2 + 4*r - 6. Let o(t) = 6*b(t) - 5*h(t). Let p be o(2). Calculate the highest common factor of 16 and p.
16
Suppose 0 = 3*s - 4*k - 4 + 5, 0 = -5*s - 3*k + 37. Let d(v) = 3*v**2 - 2*v + 7. Let a be d(s). What is the greatest common factor of a and 9?
9
Suppose -y = 5*f - 7 - 5, 0 = 2*y - f - 24. Let t be (-1)/(1/30*2). Let x be 5/(t/66)*-6. Calculate the greatest common factor of y and x.
12
Let r = -29 - -81. Let p = -19 + 46. Let l = p - 14. What is the highest common divisor of l and r?
13
Let m(c) be the second derivative of c**5/20 + c**4/12 - c**3/2 - 3*c**2/2 - c. Let v be m(3). Let d = 11 - 3. Calculate the greatest common factor of d and v.
8
Let h(w) = 4*w**2 + w - 2. Let o be h(2). What is the highest common factor of o and 56?
8
Let a(t) be the third derivative of -29*t**4